{"id":11,"date":"2026-09-02T19:20:47","date_gmt":"2026-09-02T19:20:47","guid":{"rendered":"https:\/\/montavo.ch\/?page_id=11"},"modified":"2026-09-02T19:20:47","modified_gmt":"2026-09-02T19:20:47","slug":"leistungen","status":"publish","type":"page","link":"https:\/\/montavo.ch\/?page_id=11","title":{"rendered":"Leistungen"},"content":{"rendered":"<div class=\"page-lead\">\n<p>Montavo \u00fcbernimmt planbare Montagearbeiten f\u00fcr private Haushalte, Verwaltungen und Unternehmen in der Ostschweiz.<\/p>\n<\/div>\n<section class=\"content-section\">\n<h2>M\u00f6bel und Systeme<\/h2>\n<p>Schr\u00e4nke, Kommoden, Regale, Garderoben, Betten, Tische, IKEA-M\u00f6bel und modulare Systeme werden sorgf\u00e4ltig aufgebaut und ausgerichtet.<\/p>\n<\/section>\n<section class=\"content-section\">\n<h2>Wandmontagen<\/h2>\n<p>TV-Halterungen, Spiegel, Bilder, Regale und Garderoben werden passend zum Untergrund fachgerecht befestigt.<\/p>\n<\/section>\n<section class=\"content-section\">\n<h2>B\u00fcro, Umzug und Demontage<\/h2>\n<p>Montavo montiert B\u00fcrom\u00f6bel und Homeoffice-L\u00f6sungen und \u00fcbernimmt fachgerechte Demontagen sowie Umzugsmontagen.<\/p>\n<\/section>\n<section class=\"content-section\">\n<h2>Leistungsgrenze<\/h2>\n<p>Elektro- und Sanit\u00e4rarbeiten sind nicht Bestandteil des Angebots.<\/p>\n<\/section>\n<div class=\"inline-cta\">\n<h2>Montage unverbindlich anfragen.<\/h2>\n<p>Beschreiben Sie den Auftrag und senden Sie wenn m\u00f6glich Fotos f\u00fcr eine verl\u00e4ssliche Einsch\u00e4tzung.<\/p>\n<p><a class=\"wp-element-button\" href=\"https:\/\/montavo.ch\/?pagename=offerte-anfragen\">Offerte anfragen<\/a><\/p>\n<\/div>\n","protected":false},"excerpt":{"rendered":"<p>Montavo \u00fcbernimmt planbare Montagearbeiten f\u00fcr private Haushalte, Verwaltungen und Unternehmen in der Ostschweiz. M\u00f6bel und Systeme Schr\u00e4nke, Kommoden, Regale, Garderoben, Betten, Tische, IKEA-M\u00f6bel und modulare Systeme werden sorgf\u00e4ltig aufgebaut und ausgerichtet. Wandmontagen TV-Halterungen, Spiegel, Bilder, Regale und Garderoben werden passend zum Untergrund fachgerecht befestigt. B\u00fcro, Umzug und Demontage Montavo montiert B\u00fcrom\u00f6bel und Homeoffice-L\u00f6sungen und \u00fcbernimmt [&hellip;]<\/p>\n","protected":false},"author":1,"featured_media":0,"parent":0,"menu_order":0,"comment_status":"closed","ping_status":"closed","template":"","meta":{"footnotes":""},"class_list":["post-11","page","type-page","status-publish","hentry"],"_links":{"self":[{"href":"https:\/\/montavo.ch\/index.php?rest_route=\/wp\/v2\/pages\/11","targetHints":{"allow":["GET"]}}],"collection":[{"href":"https:\/\/montavo.ch\/index.php?rest_route=\/wp\/v2\/pages"}],"about":[{"href":"https:\/\/montavo.ch\/index.php?rest_route=\/wp\/v2\/types\/page"}],"author":[{"embeddable":true,"href":"https:\/\/montavo.ch\/index.php?rest_route=\/wp\/v2\/users\/1"}],"replies":[{"embeddable":true,"href":"https:\/\/montavo.ch\/index.php?rest_route=%2Fwp%2Fv2%2Fcomments&post=11"}],"version-history":[{"count":0,"href":"https:\/\/montavo.ch\/index.php?rest_route=\/wp\/v2\/pages\/11\/revisions"}],"wp:attachment":[{"href":"https:\/\/montavo.ch\/index.php?rest_route=%2Fwp%2Fv2%2Fmedia&parent=11"}],"curies":[{"name":"wp","href":"https:\/\/api.w.org\/{rel}","templated":true}]}}

<div class="page-lead">
<p>Montavo übernimmt planbare Montagearbeiten für private Haushalte, Verwaltungen und Unternehmen in der Ostschweiz.</p>
</div>
<section class="content-section">
<h2>Möbel und Systeme</h2>
<p>Schränke, Kommoden, Regale, Garderoben, Betten, Tische, IKEA-Möbel und modulare Systeme werden sorgfältig aufgebaut und ausgerichtet.</p>
</section>
<section class="content-section">
<h2>Wandmontagen</h2>
<p>TV-Halterungen, Spiegel, Bilder, Regale und Garderoben werden passend zum Untergrund fachgerecht befestigt.</p>
</section>
<section class="content-section">
<h2>Büro, Umzug und Demontage</h2>
<p>Montavo montiert Büromöbel und Homeoffice-Lösungen und übernimmt fachgerechte Demontagen sowie Umzugsmontagen.</p>
</section>
<section class="content-section">
<h2>Leistungsgrenze</h2>
<p>Elektro- und Sanitärarbeiten sind nicht Bestandteil des Angebots.</p>
</section>
<div class="inline-cta">
<h2>Montage unverbindlich anfragen.</h2>
<p>Beschreiben Sie den Auftrag und senden Sie wenn möglich Fotos für eine verlässliche Einschätzung.</p>
<p><a class="wp-element-button" href="https://montavo.ch/?pagename=offerte-anfragen">Offerte anfragen</a></p>
</div>

<p>Montavo übernimmt planbare Montagearbeiten für private Haushalte, Verwaltungen und Unternehmen in der Ostschweiz. Möbel und Systeme Schränke, Kommoden, Regale, Garderoben, Betten, Tische, IKEA-Möbel und modulare Systeme werden sorgfältig aufgebaut und ausgerichtet. Wandmontagen TV-Halterungen, Spiegel, Bilder, Regale und Garderoben werden passend zum Untergrund fachgerecht befestigt. Büro, Umzug und Demontage Montavo montiert Büromöbel und Homeoffice-Lösungen und übernimmt [&hellip;]</p>
